513
Calculate the highest common factor of 39 and 472407.
39
What is the highest common factor of 209675 and 50?
25
What is the highest common factor of 1759266 and 270?
54
What is the greatest common factor of 9581 and 36113?
737
What is the greatest common divisor of 855 and 55?
5
Calculate the highest common divisor of 2783 and 115.
23
Calculate the greatest common factor of 889776 and 63.
9
What is the highest common factor of 268 and 2665126?
134
What is the highest common factor of 244 and 100894?
122
Calculate the highest common divisor of 19968 and 234.
78
What is the greatest common divisor of 5777 and 53?
53
Calculate the highest common divisor of 5828 and 1222.
94
Calculate the highest common factor of 315 and 6384735.
315
What is the greatest common factor of 52171 and 3855?
257
Calculate the greatest common factor of 95 and 104519.
19
Calculate the highest common factor of 1169 and 2328481.
167
Calculate the highest common divisor of 440 and 8851480.
440
Calculate the highest common divisor of 80565 and 3.
3
What is the highest common factor of 32934 and 1320?
66
Calculate the highest common divisor of 14454 and 374.
22
What is the greatest common divisor of 108 and 1172988?
108
What is the greatest common factor of 253 and 43033?
23
What is the highest common divisor of 84477 and 348?
87
Calculate the highest common divisor of 86196 and 396.
132
Calculate the highest common factor of 2320 and 101680.
80
What is the highest common divisor of 2406 and 1387059?
1203
Calculate the highest common factor of 15414 and 3.
3
What is the highest common factor of 83 and 3818?
83
Calculate the highest common factor of 464 and 32480.
464
Calculate the greatest common factor of 204 and 314772.
204
Calculate the greatest common divisor of 523 and 539213.
523
What is the highest common divisor of 40 and 11580?
20
Calculate the highest common divisor of 81 and 124848.
27
Calculate the greatest common divisor of 100804 and 37004.
1276
Calculate the highest common factor of 73519 and 148.
37
Calculate the greatest common factor of 50 and 78970.
10
What is the highest common divisor of 38 and 913349?
19
What is the highest common factor of 6228 and 5868?
36
Calculate the highest common divisor of 111587 and 95.
19
What is the greatest common divisor of 10492 and 244?
244
What is the highest common factor of 407430 and 3240?
810
Calculate the highest common divisor of 267 and 78409.
89
What is the highest common divisor of 21935 and 2460?
205
Calculate the greatest common divisor of 131172 and 1020.
204
Calculate the greatest common factor of 16 and 567376.
16
What is the highest common factor of 1152135 and 90?
45
Calculate the greatest common factor of 35216 and 1984.
496
What is the highest common divisor of 1167 and 39289?
389
What is the greatest common divisor of 54 and 478602?
54
What is the highest common divisor of 1245 and 720440?
415
Calculate the greatest common factor of 49395 and 21867.
111
What is the highest common factor of 48657 and 147?
147
Calculate the highest common factor of 2888 and 494931.
361
What is the highest common factor of 39446 and 242?
242
Calculate the greatest common divisor of 3927 and 3740.
187
What is the highest common divisor of 9016 and 8694?
322
What is the greatest common factor of 15816 and 312?
24
Calculate the greatest common divisor of 1130278 and 106.
106
What is the highest common factor of 3 and 4657?
1
Calculate the highest common factor of 1627278 and 5138.
734
What is the highest common divisor of 4 and 160306?
2
Calculate the greatest common divisor of 15 and 65190.
15
What is the highest common divisor of 2500773 and 44?
11
What is the highest common divisor of 524 and 191129?
131
What is the greatest common divisor of 41 and 4961?
41
What is the greatest common factor of 5082 and 56?
14
Calculate the highest common divisor of 320 and 52384.
32
Calculate the greatest common divisor of 5156137 and 93.
31
Calculate the greatest common factor of 3 and 278925.
3
Calculate the highest common divisor of 6317381 and 7.
7
What is the highest common divisor of 156 and 2529852?
156
What is the highest common factor of 3551 and 1166?
53
Calculate the highest common divisor of 31090 and 18.
2
Calculate the highest common divisor of 438 and 58546.
146
Calculate the greatest common divisor of 52 and 59878.
26
Calculate the highest common divisor of 103844 and 260.
52
Calculate the highest common factor of 37265 and 1450.
145
What is the greatest common divisor of 562534 and 224?
14
Calculate the highest common divisor of 5942 and 14.
2
What is the greatest common factor of 540 and 24828?
12
What is the greatest common factor of 38 and 6380?
2
Calculate the greatest common factor of 2158 and 78598.
26
Calculate the greatest common divisor of 50620 and 80.
20
Calculate the highest common divisor of 21175 and 44660.
385
What is the greatest common factor of 2378 and 268250?
58
What is the greatest common divisor of 120 and 57936?
24
Calculate the greatest common factor of 300 and 21440.
20
Calculate the highest common factor of 1640 and 5535.
205
What is the highest common factor of 615035 and 5?
5
What is the highest common factor of 143 and 50160?
11
What is the greatest common divisor of 26732 and 815?
163
Calculate the highest common divisor of 67540 and 13201.
307
What is the greatest common divisor of 29174 and 696?
58
Calculate the greatest common factor of 1448676 and 108.
36
What is the greatest common divisor of 44 and 2769778?
22
What is the greatest common factor of 4848 and 256?
16
What is the greatest common factor of 1966349 and 308?
77
What is the highest common divisor of 611 and 5969?
47
What is the greatest common divisor of 96214 and 584?
146
Calculate the highest common factor of 32800 and 128.
32
Calculate the greatest common factor of 29896 and 370.
74
Calculate the greatest common factor of 33 and 177232.
11
Calculate the greatest common factor of 93 and 166811.
31
Calculate the greatest common factor of 10726 and 22317.
173
Calculate the highest common divisor of 11924 and 308.
44
Calculate the highest common factor of 18336 and 5856.
96
What is the greatest common factor of 285 and 51870?
285
Calculate the highest common divisor of 480 and 29604.
12
Calculate the greatest common factor of 11403 and 126.
63
What is the greatest common divisor of 817 and 121828?
19
What is the highest common factor of 7709 and 533?
13
What is the greatest common divisor of 8000 and 2292800?
1600
What is the highest common factor of 165 and 53740?
5
Calculate the greatest common divisor of 85734 and 55857.
1299
Calculate the greatest common divisor of 10 and 108910.
10
Calculate the highest common divisor of 676 and 191308.
676
What is the highest common factor of 133 and 152323?
19
Calculate the greatest common factor of 455 and 277030.
65
Calculate the highest common factor of 15 and 1988205.
15
Calculate the greatest common divisor of 213940 and 6460.
380
Calculate the highest common factor of 398 and 128.
2
What is the greatest common divisor of 883490 and 765?
85
Calculate the greatest common divisor of 4684708 and 42.
14
Calculate the greatest common divisor of 264000 and 1024.
64
Calculate the highest common divisor of 117130 and 212.
106
What is the greatest common factor of 353703 and 21?
21
What is the greatest common factor of 5513 and 2220?
37
What is the greatest common divisor of 10 and 307802?
2
What is the greatest common factor of 660 and 218580?
60
What is the highest common divisor of 23851 and 107525?
391
What is the highest common divisor of 1395 and 13410?
45
Calculate the greatest common factor of 253884 and 300.
12
What is the greatest common factor of 1040 and 44980?
260
What is the greatest common divisor of 91 and 224?
7
Calculate the highest common divisor of 8 and 18712.
8
Calculate the greatest common divisor of 65 and 470.
5
What is the highest common divisor of 25414 and 18602?
262
What is the highest common factor of 1561 and 18286?
223
What is the highest common divisor of 987456 and 2496?
192
What is the greatest common divisor of 1891 and 6405?
61
What is the highest common factor of 21 and 137361?
21
What is the highest common factor of 174 and 74356?
58
What is th